(-4)/(-10)*-2 + 174/(-145). Let n(c) = -5*c**3 - 2*c**2 - 6*c - 4. Calculate the remainder when 119 is divided by n(j).
39
Let j = -214 + 118. Let w = j - -96. Suppose w = -5*a - 22 + 217. What is the remainder when a is divided by 7?
4
Let s(n) = -n**2 - 37*n + 3. Let x be s(-37). Suppose -38 = -3*l - 5*o, -16*o = -x*l - 14*o + 52. Calculate the remainder when 63 is divided by l.
15
Let d(p) = 117*p - 332. Calculate the remainder when 212 is divided by d(3).
3
Suppose 0 = j - 2*s - 3, -4*s = -3 - 1. Calculate the remainder when 37 is divided by -2*j/(-10) - -26.
10
Let c(s) = 7*s - 2. Suppose 5*x - 5 = -2*t, -4*x - 3*t + 2*t = -4. Let r be c(x). Suppose 210 = 5*i + r*i. What is the remainder when i is divided by 8?
5
Let i be (62/5)/(2/10). Suppose -5*s + 159 = -4*d, 3*s - 5*s + i = -2*d. Let b = 7842 + -7705. What is the remainder when b is divided by s?
32
Let k = -850 - -867. Suppose -u - 5*x = -k + 3, 11 = u + 2*x. Calculate the remainder when 75 is divided by u.
3
Let k = -4914 + 5073. Calculate the remainder when k is divided by 22.
5
Let x(f) = -144*f**2 - 9*f - 9. Let h be x(-1). Let k = h - -162. What is the remainder when 83 is divided by k?
11
Let l = -29 + 36. Let h be (-2)/l + (-2 - (-1266)/21). Let s = h + -23. What is the remainder when s is divided by 8?
3
Suppose -5*u = -4*p + 531, -6*u + 3*u - 402 = -3*p. What is the remainder when p is divided by 2?
1
Let j = 139 + -140. Calculate the remainder when 62 is divided by (4/(-1) - 14/(-1)) + j.
8
Let h be 21/(441/2240)*(-12)/(-5). Let f = -246 + h. What is the remainder when 69 is divided by f?
9
What is the remainder when -5 + 2585264/144 - (-6)/(-27) is divided by 17?
13
Suppose 290 = 5*l - 2*y - 270, 5 = y. What is the remainder when l is divided by 48?
18
Let i(y) = -1119*y - 1011. What is the remainder when 15008 is divided by i(-1)?
104
Let j(q) = -7*q**2 - 8 - 10*q + q**3 - 4*q**2 - 4*q**2 + 11*q**2. Let y be j(6). Suppose 0*g - y*g = -112. Calculate the remainder when 139 is divided by g.
27
Let p = -2909 - -3082. Calculate the remainder when p is divided by 25.
23
Let g(r) = -r + 8. Let t be g(6). Suppose t*s - 6*s = -8. Suppose -46 = -s*y - 12. Calculate the remainder when 26 is divided by y.
9
Suppose -17812 = 63*i - 185*i. Calculate the remainder when 1906 is divided by i.
8
Let z(q) = 4*q**2 - 100*q - 204. Let k = 38 + -125. Let x = k + 144. What is the remainder when x is divided by z(-2)?
9
Suppose 5*n - 380 = 480. Let i(f) = 26*f + 132. Let j(c) = -52*c - 263. Let p(x) = -5*i(x) - 3*j(x). What is the remainder when n is divided by p(-4)?
22
Suppose 16*i - 15 = 19*i. Let o(v) = -5*v**3 + v**2 - 18*v - 4. What is the remainder when o(i) is divided by 11?
10
Let y = 215 + -42. Let u = 188 - y. Suppose 0 = 4*t - m - 2*m - 355, 440 = 5*t - 3*m. What is the remainder when t is divided by u?
10
Calculate the remainder when 4844 is divided by 2/4*11/((-198)/(-2052)).
56
Let m = -104 + 107. Let u be (-4)/m*(-6)/4. Suppose -2*z + 261 = 5*a, -5*z + 118 = u*a + 22. Calculate the remainder when a is divided by 11.
9
Suppose 825*z - 204036 = 741*z. Calculate the remainder when z is divided by 11.
9
Suppose 10*k - 4510 = -12*k. Calculate the remainder when k is divided by 38.
15
Let u = 27 - 22. Suppose u*j + 16*j - 693 = 0. What is the remainder when 228 is divided by j?
30
Let z = -1003 - -1048. Suppose 73 = 9*l - 71. Calculate the remainder when z is divided by l.
13
Suppose -56 = -164*u + 163*u. Calculate the remainder when 332 is divided by u.
52
Let b(d) = -18*d + 42. Calculate the remainder when 854 is divided by b(-3).
86
Let d(i) = 2*i**2 - 6*i + 5. Suppose -4*o = -o - 9. What is the remainder when d(o) is divided by 3 + 0/(3 - 5)?
2
Let l = 137186 - 137176. Calculate the remainder when 1*-578*3/(-6) is divided by l.
9
Let k = -14056 + 14258. Calculate the remainder when k is divided by 21.
13
Let s = -13061 - -13150. What is the remainder when 363 is divided by s?
7
Let d(x) = x**3 - 91*x**2 + 4*x - 207. Calculate the remainder when 2038 is divided by d(91).
154
Let z(x) = -12*x - 115. Let a be z(-10). Suppose 0 = 4*i - a*o - 248, -4*i - 29*o + 27*o = -220. Calculate the remainder when i is divided by 20.
17
Suppose l + 10*c = 1261, -4*l + 2*c + 2771 = -2147. Calculate the remainder when l is divided by 33.
10
Suppose -4*s + d = -63, -5*s + 105 = -d + 5*d. Let x(l) = 18*l**3 - 3*l**2 - 29*l + 86. What is the remainder when x(3) is divided by s?
16
What is the remainder when 173 is divided by (-129)/(-5) - 656/820?
23
Suppose -4*n + 3*f = -12 - 77, -2*n + 62 = -4*f. Calculate the remainder when 36 is divided by n.
2
Let o(n) = n**2 + 55*n - 601. Calculate the remainder when 637 is divided by o(11).
12
What is the remainder when 5345 is divided by ((81/24)/9 + 11745/(-216))*-1?
53
Let x be 3 + -1 + 72/4 + 4. Suppose -4*w - 2*w = -x. Calculate the remainder when 14 is divided by w.
2
Suppose 0*o + 10 = 2*o. Suppose -144*i + 100 = -124*i. What is the remainder when i is divided by o?
0
Let l(q) = 2*q**2 - q + 1. Suppose 5*c - 22 = 3. Suppose 0 = -4*h + 5*t + 749, 475*h - 473*h + 3*t = 347. Calculate the remainder when h is divided by l(c).
43
Let b = 91 - 85. What is the remainder when 191 - (0/(b/(-3)) + 4) is divided by 19?
16
Let t be (348 - -1) + 80/(-16). Suppose 266*b - 264*b - t = 0. Calculate the remainder when b is divided by 16.
12
Suppose 0 = 4*m + 2*n - 24, -n + 1 = 3. Let x = m + -4. Suppose -x*d = 2*a - 108, -a = -3*d + d - 68. What is the remainder when a is divided by 21?
18
Let q = -370 + 374. Let l(v) = -19*v + 114. Calculate the remainder when l(q) is divided by 24.
14
Let n = 36 - 34. Suppose -n*g + 93 = -3*p, 4*g - 111 - 50 = p. Suppose 3*i - g = -0*i. What is the remainder when i is divided by 4?
1
Suppose -5*i = 3*m - 101, -4*m + 58 - 50 = 0. What is the remainder when 8948 is divided by i?
18
Let a = -16 - -18. Let z(i) = 4*i**3 + 4*i**2 - 3*i. What is the remainder when ((166*-1)/(0 + 1))/(-1) is divided by z(a)?
40
Let o = -33 + 74. Let v(f) = -o + 9 + 23*f**2 + 21*f + f**3 + f**2. Calculate the remainder when 41 is divided by v(-23).
13
Calculate the remainder when 27/(-4)*(47 - 59) is divided by 9.
0
Let c = 95 + -63. Calculate the remainder when 1/(1/(-5)) - (-163 - -40) is divided by c.
22
Let o(k) = 4*k + 35. Let v be o(-8). Suppose 11 = -w + 5*b + 37, v*b = 2*w - 59. Let a = 8 - -4. Calculate the remainder when w is divided by a.
7
Let o = 16321 + -16171. Calculate the remainder when 13499 is divided by o.
149
Let q(h) = -2*h**3 + 4*h**2 + 7*h - 12. Calculate the remainder when 1930 is divided by q(-3).
49
Suppose 0 = -3*x + w + 43 + 15, -x - 5*w + 46 = 0. Let u be -3 + 69/x - 1510/(-7). Suppose u = 13*n - 10*n. Calculate the remainder when n is divided by 15.
12
Suppose -12*g + 69 = -183. Let v(r) = -35*r**3 - 5*r**2 - 4*r + 1. Let j be v(-2). Let k = 393 - j. What is the remainder when k is divided by g?
19
Suppose 0 = -4*z + 2*u + 1120, 8*u - 6*u = 5*z - 1402. Calculate the remainder when ((z/9)/((-2)/3))/(-1) is divided by 3.
2
Suppose -5*q - 4 = -s, 4*s + 5 = -0*q - q. Let x = q + 1. Suppose x*l = 3*y - 3*l - 75, 0 = -5*y + 4*l + 122. What is the remainder when y is divided by 19?
3
Calculate the remainder when 8137 is divided by -9*(-8)/36 + 21*(128 + 1).
4
Suppose q = 2*k + 178 - 956, -q = 5*k - 1959. Calculate the remainder when k is divided by 33.
28
Suppose -46 = -8*v + 2. What is the remainder when 60 is divided by 9/v*(308/21 + -6)?
8
Let x be ((-858)/(-88))/(6/8). Suppose k = -3*c + 10, x = 3*c + 3*k + k. What is the remainder when 30 is divided by c?
0
Let n(s) = 12*s + 70. Suppose 50 = 3*c - l, 3*l = 5*c - 3*c - 38. What is the remainder when c is divided by n(-5)?
6
Let k be (-3)/2*(1 - 5). Let y(c) = c**3 - c**2 - 16*c + 5. Let j be y(0). Suppose -6 = j*i - k*i. What is the remainder when 20 is divided by i?
2
Let x = 312 + -342. Calculate the remainder when 100/12*(-72)/x is divided by 7.
6
Let c = 2044 + -1540. Calculate the remainder when c is divided by 250.
4
Let n be -70*1/(-22) - 2/11. What is the remainder when 11 is divided by 24/18 + 5/n?
2
Let u(r) = -r**3 - 4*r**2 - 4*r - 4. Let p be u(-4). Suppose -311 = 29*d - 1181. Calculate the remainder when (14/(-35) - (-232)/d)*p is divided by 30.
28
Calculate the re